f 255?
5
What is the thousands digit of 18155?
8
What is the units digit of 8976?
6
What is the units digit of 1241?
1
What is the thousands digit of 23142?
3
What is the hundreds digit of 40101?
1
What is the tens digit of 1135?
3
What is the units digit of 882?
2
What is the tens digit of 1767?
6
What is the tens digit of 46?
4
What is the hundreds digit of 352?
3
What is the ten thousands digit of 80588?
8
What is the tens digit of 2616?
1
What is the hundreds digit of 23582?
5
What is the tens digit of 23375?
7
What is the tens digit of 35977?
7
What is the hundreds digit of 57707?
7
What is the tens digit of 2598?
9
What is the units digit of 180?
0
What is the hundreds digit of 427?
4
What is the tens digit of 1943?
4
What is the units digit of 5605?
5
What is the tens digit of 4850?
5
What is the hundreds digit of 4195?
1
What is the tens digit of 9669?
6
What is the units digit of 798?
8
What is the tens digit of 3781?
8
What is the thousands digit of 24496?
4
What is the tens digit of 525?
2
What is the tens digit of 22505?
0
What is the thousands digit of 11686?
1
What is the tens digit of 2275?
7
What is the hundreds digit of 43852?
8
What is the tens digit of 467?
6
What is the hundreds digit of 27241?
2
What is the tens digit of 3872?
7
What is the units digit of 7517?
7
What is the units digit of 97720?
0
What is the ten thousands digit of 99541?
9
What is the tens digit of 1340?
4
What is the units digit of 53?
3
What is the ten thousands digit of 70232?
7
What is the units digit of 21669?
9
What is the hundreds digit of 4506?
5
What is the hundreds digit of 62897?
8
What is the tens digit of 46?
4
What is the hundreds digit of 7688?
6
What is the ten thousands digit of 16557?
1
What is the units digit of 45102?
2
What is the thousands digit of 5868?
5
What is the hundreds digit of 1599?
5
What is the tens digit of 55463?
6
What is the tens digit of 8424?
2
What is the tens digit of 2089?
8
What is the thousands digit of 1018?
1
What is the tens digit of 267?
6
What is the thousands digit of 3902?
3
What is the tens digit of 141701?
0
What is the thousands digit of 29786?
9
What is the tens digit of 13069?
6
What is the tens digit of 13345?
4
What is the thousands digit of 158317?
8
What is the units digit of 991?
1
What is the tens digit of 2277?
7
What is the hundreds digit of 12635?
6
What is the units digit of 46816?
6
What is the tens digit of 1671?
7
What is the hundreds digit of 5517?
5
What is the hundreds digit of 7080?
0
What is the ten thousands digit of 46436?
4
What is the units digit of 2666?
6
What is the units digit of 12954?
4
What is the hundreds digit of 3130?
1
What is the thousands digit of 63595?
3
What is the units digit of 19546?
6
What is the hundreds digit of 37293?
2
What is the units digit of 740?
0
What is the hundreds digit of 3957?
9
What is the hundreds digit of 1043?
0
What is the ten thousands digit of 96592?
9
What is the units digit of 214?
4
What is the ten thousands digit of 12000?
1
What is the tens digit of 2013?
1
What is the thousands digit of 5682?
5
What is the tens digit of 10173?
7
What is the ten thousands digit of 15174?
1
What is the thousands digit of 2746?
2
What is the hundreds digit of 3323?
3
What is the tens digit of 138?
3
What is the units digit of 3670?
0
What is the units digit of 2943?
3
What is the units digit of 8147?
7
What is the hundreds digit of 2271?
2
What is the units digit of 331?
1
What is the hundreds digit of 204?
2
What is the tens digit of 3405?
0
What is the units digit of 1050?
0
What is the thousands digit of 3800?
3
What is the thousands digit of 1431?
1
What is the hundreds digit of 25128?
1
What is the tens digit of 10234?
3
What is the tens digit of 2223?
2
What is the hundreds digit of 7019?
0
What is the hundreds digit of 8386?
3
What is the units digit of 9778?
8
What is the hundreds digit of 592?
5
What is the hundreds digit of 1830?
8
What is the ten thousands digit of 21420?
2
What is the hundreds digit of 2325?
3
What is the units digit of 2125?
5
What is the units digit of 43?
3
What is the hundreds digit of 5309?
3
What is the ten thousands digit of 37747?
3
What is the tens digit of 35992?
9
What is the units digit of 33582?
2
What is the thousands digit of 82309?
2
What is the tens digit of 6046?
4
What is the tens digit of 818?
1
What is the hundreds digit of 1105?
1
What is the tens digit of 1333?
3
What is the hundreds digit of 1233?
2
What is the tens digit of 9814?
1
What is the tens digit of 55994?
9
What is the ten thousands digit of 11986?
1
What is the thousands digit of 1717?
1
What is the units digit of 354?
4
What is the thousands digit of 7687?
7
What is the hundreds digit of 5413?
4
What is the tens digit of 3988?
8
What is the tens digit of 2906?
0
What is the tens digit of 5541?
4
What is the units digit of 56068?
8
What is the ten thousands digit of 26081?
2
What is the hundreds digit of 1878?
8
What is the ten thousands digit of 92615?
9
What is the tens digit of 48594?
9
What is the units digit of 3592?
2
What is the hundreds digit of 78580?
5
What is the units digit of 1014?
4
What is the tens digit of 467?
6
What is the hundreds digit of 63834?
8
What is the hundreds digit of 29855?
8
What is the hundreds digit of 5953?
9
What is the units digit of 42693?
3
What is the hundreds digit of 1123?
1
What is the hundreds digit of 3930?
9
What is the units digit of 1695?
5
What is the thousands digit of 1252?
1
What is the tens digit of 418?
1
What is the tens digit of 1888?
8
What is the hundreds digit of 804?
8
What is the thousands digit of 11576?
1
What is the hundreds digit of 31504?
5
What is the tens digit of 1044?
4
What is the tens digit of 64326?
2
What is the units digit of 38591?
1
What is the tens digit of 997?
9
What is the tens digit of 3711?
1
What is the hundreds digit of 141818?
8
What is the units digit of 990?
0
What is the ten thousands digit of 38229?
3
What is the units digit of 9477?
7
What is the units digit of 1208?
8
What is the tens digit of 2498?
9
What is the tens digit of 1568?
6
What is the ten thousands digit of 83746?
8
What is the hundreds digit of 425?
4
What is the ten thousands digit of 13943?
1
What is the hundreds digit of 182?
1
What is the thousands digit of 4262?
4
What is the thousands digit of 18195?
8
What is the thousands digit of 18195?
8
What is the tens digit of 1196?
9
What is the hundreds digit of 88745?
7
What is the ten thousands digit of 14365?
1
What is the units digit of 2061?
1
What is the thousands digit of 15197?
5
What is the tens digit of 4434?
3
What is the tens digit of 886?
8
What is the hundreds digit of 25567?
5
What is the tens digit of 22914?
1
What is the tens digit of 1489?
8
What is the units digit of 7544?
4
What is the thousands digit of 1235?
1
What is the ten thousands digit of 13436?
1
What is the tens digit of 46216?
1
What is the units digit of 1093?
3
What is the hundreds digit of 564?
5
What is the hundreds digit of 279?
2
What is the thousands digit of 3280?
3
What is the thousands digit of 1934?
1
What is the thousands digit of 100073?
0
What is the units digit of 99395?
5
What is the thousands digit of 8747?
8
What is the units digit of 602?
2
What is the units digit of 4558?
8
What is the units digit of 4607?
7
What is the tens digit of 440?
4
What is the thousands digit of 12503?
2
What is the tens digit of 1044?
4
What is the tens digit of 393?
9
What is the hundreds digit of 1583?
5
What is the ten thousands digit of 68415?
6
What is the thousands digit of 1793?
1
What is the hundreds digit of 368?
3
What is the tens digit of 1886?
8
What is the tens digit of 2639?
3
What is the tens digit of 5094?
9
What is the tens digit of 24353?
5
What is the hundreds digit of 6201?
2
What is the thousands digit of 18268?
8
What is the ten thousands digit of 91321?
9
What is the hundreds digit of 443?
4
What is the thousands digit of 9395?
9
What is the thousands digit of 56440?
6
What is the units digit of 84382?
2
What is the hundreds digit of 5144?
1
What is the tens digit of 125734?
3
What is the tens digit of 49915?
1
What is the tens digit of 36281?
8
What is the hundreds digit of 64002?
0
What is the units digit of 158?
8
What is the hund